{"id":97,"date":"2021-09-13T16:51:12","date_gmt":"2021-09-13T14:51:12","guid":{"rendered":"https:\/\/mairielachapelleblanche.fr\/?page_id=97"},"modified":"2022-11-15T22:15:36","modified_gmt":"2022-11-15T21:15:36","slug":"contact","status":"publish","type":"page","link":"https:\/\/mairielachapelleblanche.fr\/?page_id=97","title":{"rendered":"Contact"},"content":{"rendered":"\n<h2 class=\"wp-block-heading\">Mairie de La Chapelle-Blanche<\/h2>\n\n\n\n<p>Mairie de La Chapelle Blanche<br>165 rue de l&rsquo;\u00e9glise<br>73 110 La Chapelle-Blanche<br>T\u00e9l : 04 79 25 51 64<br>Courriel : contact@mairielachapelleblanche73.fr<\/p>\n\n\n\n<p class=\"has-text-align-center\">ATTENTION : La mairie se situe <strong>\u00e0 cot\u00e9<\/strong> de l\u2019\u00e9glise de La Chapelle Blanche<\/p>\n\n\n\n<p><\/p>\n\n\n\n<h2 class=\"wp-block-heading\">Horaires<\/h2>\n\n\n\n<p>La mairie est ouverte au public tous les mardi de 14h00 \u00e0 18h00 les vendredi de 12h00 \u00e0 14h00 et sur rendez vous les autres jours. Une permanence t\u00e9l\u00e9phonique sera assur\u00e9e les lundi, mardi, jeudi et vendredi de 9h \u00e0 12h et de 13h \u00e0 16h au 04 79 25 51 64.<\/p>\n\n\n\n<iframe src=\"https:\/\/www.google.com\/maps\/embed?pb=!1m18!1m12!1m3!1d2799.0873466228536!2d6.069838216205155!3d45.447895942551284!2m3!1f0!2f0!3f0!3m2!1i1024!2i768!4f13.1!3m3!1m2!1s0x478bb321f18ad82f%3A0x3cd280b4189f0fe9!2sMairie%20de%20La%20Chapelle-Blanche!5e0!3m2!1sfr!2sfr!4v1631544749706!5m2!1sfr!2sfr\" style=\"border:0;\" allowfullscreen=\"\" loading=\"lazy\" width=\"600\" height=\"450\"><\/iframe>\n","protected":false},"excerpt":{"rendered":"<p>Mairie de La Chapelle-Blanche Mairie de La Chapelle Blanche165 rue de l&rsquo;\u00e9glise73 110 La Chapelle-BlancheT\u00e9l : 04 79 25 51 64Courriel : contact@mairielachapelleblanche73.fr ATTENTION : La mairie se situe \u00e0 cot\u00e9 de l\u2019\u00e9glise de La Chapelle Blanche Horaires La mairie est ouverte au public tous les mardi de 14h00 \u00e0 18h00 les vendredi de 12h00&#8230;<\/p>\n","protected":false},"author":1,"featured_media":0,"parent":0,"menu_order":0,"comment_status":"closed","ping_status":"closed","template":"","meta":{"footnotes":""},"class_list":["post-97","page","type-page","status-publish","format-standard","hentry","post-wrap"],"_links":{"self":[{"href":"https:\/\/mairielachapelleblanche.fr\/index.php?rest_route=\/wp\/v2\/pages\/97","targetHints":{"allow":["GET"]}}],"collection":[{"href":"https:\/\/mairielachapelleblanche.fr\/index.php?rest_route=\/wp\/v2\/pages"}],"about":[{"href":"https:\/\/mairielachapelleblanche.fr\/index.php?rest_route=\/wp\/v2\/types\/page"}],"author":[{"embeddable":true,"href":"https:\/\/mairielachapelleblanche.fr\/index.php?rest_route=\/wp\/v2\/users\/1"}],"replies":[{"embeddable":true,"href":"https:\/\/mairielachapelleblanche.fr\/index.php?rest_route=%2Fwp%2Fv2%2Fcomments&post=97"}],"version-history":[{"count":9,"href":"https:\/\/mairielachapelleblanche.fr\/index.php?rest_route=\/wp\/v2\/pages\/97\/revisions"}],"predecessor-version":[{"id":833,"href":"https:\/\/mairielachapelleblanche.fr\/index.php?rest_route=\/wp\/v2\/pages\/97\/revisions\/833"}],"wp:attachment":[{"href":"https:\/\/mairielachapelleblanche.fr\/index.php?rest_route=%2Fwp%2Fv2%2Fmedia&parent=97"}],"curies":[{"name":"wp","href":"https:\/\/api.w.org\/{rel}","templated":true}]}}