{"id":78,"date":"2021-09-13T16:40:29","date_gmt":"2021-09-13T14:40:29","guid":{"rendered":"https:\/\/mairielachapelleblanche.fr\/?page_id=78"},"modified":"2024-08-06T17:35:17","modified_gmt":"2024-08-06T15:35:17","slug":"le-conseil-decole-composition-fonctionnement-attributions","status":"publish","type":"page","link":"https:\/\/mairielachapelleblanche.fr\/?page_id=78","title":{"rendered":"Le Conseil d&rsquo;\u00e9cole"},"content":{"rendered":"\n<h2 class=\"wp-block-heading\">CR Conseil d\u2019\u00c9cole<\/h2>\n\n\n\n<p>Vous pouvez t\u00e9l\u00e9charger les comptes rendus des derniers conseils d&rsquo;\u00e9cole<\/p>\n\n\n\n<div class=\"wp-block-file\"><a id=\"wp-block-file--media-b5045ae4-9c2d-484a-868b-5e09364108f8\" href=\"https:\/\/mairielachapelleblanche.fr\/wp-content\/uploads\/2024\/08\/PV-Conseil-dEcole-n\u00b03-du-21-06-2024.pdf\" target=\"_blank\" rel=\"noreferrer noopener\">PV-Conseil-dEcole-n\u00b03-du-21-06-2024<\/a><a href=\"https:\/\/mairielachapelleblanche.fr\/wp-content\/uploads\/2024\/08\/PV-Conseil-dEcole-n\u00b03-du-21-06-2024.pdf\" class=\"wp-block-file__button wp-element-button\" download aria-describedby=\"wp-block-file--media-b5045ae4-9c2d-484a-868b-5e09364108f8\">T\u00e9l\u00e9charger<\/a><\/div>\n\n\n\n<div class=\"wp-block-file\"><a id=\"wp-block-file--media-a764a935-8b89-4778-bdfe-d033708b9e81\" href=\"https:\/\/mairielachapelleblanche.fr\/wp-content\/uploads\/2024\/08\/PV-Conseil-dEcole-n\u00b02-du-16-02-2024.pdf\" target=\"_blank\" rel=\"noreferrer noopener\">PV-Conseil-dEcole-n\u00b02-du-16-02-2024<\/a><a href=\"https:\/\/mairielachapelleblanche.fr\/wp-content\/uploads\/2024\/08\/PV-Conseil-dEcole-n\u00b02-du-16-02-2024.pdf\" class=\"wp-block-file__button wp-element-button\" download aria-describedby=\"wp-block-file--media-a764a935-8b89-4778-bdfe-d033708b9e81\">T\u00e9l\u00e9charger<\/a><\/div>\n\n\n\n<div class=\"wp-block-file\"><a id=\"wp-block-file--media-36ba7369-4cf1-486c-9b04-bd5ee27ea20e\" href=\"https:\/\/mairielachapelleblanche.fr\/wp-content\/uploads\/2024\/08\/PV-conseil-decole-1-du-20-10-2023.pdf\" target=\"_blank\" rel=\"noreferrer noopener\">PV-conseil-decole-1-du-20-10-2023<\/a><a href=\"https:\/\/mairielachapelleblanche.fr\/wp-content\/uploads\/2024\/08\/PV-conseil-decole-1-du-20-10-2023.pdf\" class=\"wp-block-file__button wp-element-button\" download aria-describedby=\"wp-block-file--media-36ba7369-4cf1-486c-9b04-bd5ee27ea20e\">T\u00e9l\u00e9charger<\/a><\/div>\n\n\n\n<div class=\"wp-block-file\"><a id=\"wp-block-file--media-3b23105b-fec4-45bc-9f19-e1d47abe3721\" href=\"http:\/\/mairielachapelleblanche.fr\/wp-content\/uploads\/2023\/03\/Conseil-dEcole-2-du-17-03-2023.pdf\" target=\"_blank\" rel=\"noreferrer noopener\">Conseil-dEcole-2-du-17-03-2023<\/a><a href=\"http:\/\/mairielachapelleblanche.fr\/wp-content\/uploads\/2023\/03\/Conseil-dEcole-2-du-17-03-2023.pdf\" class=\"wp-block-file__button wp-element-button\" download aria-describedby=\"wp-block-file--media-3b23105b-fec4-45bc-9f19-e1d47abe3721\">T\u00e9l\u00e9charger<\/a><\/div>\n\n\n\n<div class=\"wp-block-file\"><a id=\"wp-block-file--media-3b23105b-fec4-45bc-9f19-e1d47abe3721\" href=\"http:\/\/mairielachapelleblanche.fr\/wp-content\/uploads\/2022\/10\/PV-conseil-decole-1-du-14-10-2022.pdf\" target=\"_blank\" rel=\"noreferrer noopener\">PV conseil d&rsquo;\u00e9cole 1 du 14 10 2022<\/a><a href=\"http:\/\/mairielachapelleblanche.fr\/wp-content\/uploads\/2022\/10\/PV-conseil-decole-1-du-14-10-2022.pdf\" class=\"wp-block-file__button wp-element-button\" download aria-describedby=\"wp-block-file--media-3b23105b-fec4-45bc-9f19-e1d47abe3721\">T\u00e9l\u00e9charger<\/a><\/div>\n\n\n\n<hr class=\"wp-block-separator has-text-color has-cyan-bluish-gray-color has-css-opacity has-cyan-bluish-gray-background-color has-background is-style-wide\"\/>\n\n\n\n<h2 class=\"wp-block-heading\">Le Conseil d&rsquo;\u00e9cole : composition, fonctionnement, attributions<\/h2>\n\n\n\n<p><strong>Composition<\/strong><\/p>\n\n\n\n<p>Le conseil d&rsquo;\u00e9cole est compos\u00e9 :<\/p>\n\n\n\n<ul class=\"wp-block-list\">\n<li>du directeur de l&rsquo;\u00e9cole, qui le pr\u00e9side,<\/li>\n\n\n\n<li>de l&rsquo;ensemble des ma\u00eetres affect\u00e9s \u00e0 l&rsquo;\u00e9cole,<\/li>\n\n\n\n<li>du maire et du conseiller municipal charg\u00e9 des affaires scolaires,<\/li>\n\n\n\n<li>des repr\u00e9sentants \u00e9lus des parents d&rsquo;\u00e9l\u00e8ves (autant de repr\u00e9sentants que l&rsquo;\u00e9cole comporte de classes),<\/li>\n\n\n\n<li>du d\u00e9l\u00e9gu\u00e9 d\u00e9partemental de l&rsquo;\u00e9ducation charg\u00e9 de visiter les \u00e9coles.<\/li>\n<\/ul>\n\n\n\n<p>&nbsp;\u00c0 savoir : le conseil d&rsquo;\u00e9cole sera valable m\u00eame si aucun repr\u00e9sentant des parents d&rsquo;\u00e9l\u00e8ves n&rsquo;a pu \u00eatre \u00e9lu ou d\u00e9sign\u00e9 (par exemple s&rsquo;il n&rsquo;y avait aucun candidat).<\/p>\n\n\n\n<p>Certaines personnes peuvent assister au conseil avec voix consultative. Il s&rsquo;agit notamment :<\/p>\n\n\n\n<ul class=\"wp-block-list\">\n<li>des personnes charg\u00e9es des activit\u00e9s sportives et culturelles,<\/li>\n\n\n\n<li>des personnes participant aux actions de pr\u00e9vention et d&rsquo;aide psychologique.<\/li>\n\n\n\n<li>de l&rsquo;\u00e9quipe m\u00e9dicale scolaire,<\/li>\n\n\n\n<li>des assistantes sociales,<\/li>\n\n\n\n<li>des agents territoriaux sp\u00e9cialis\u00e9s des \u00e9coles maternelles (Atsem).<\/li>\n<\/ul>\n\n\n\n<p>L&rsquo;inspecteur de l&rsquo;\u00e9ducation nationale de la circonscription peut \u00e9galement y assister.<\/p>\n\n\n\n<p><strong>Fonctionnement<\/strong><\/p>\n\n\n\n<p>Le conseil d&rsquo;\u00e9cole est constitu\u00e9 pour une ann\u00e9e et si\u00e8ge jusqu&rsquo;au renouvellement de ses membres.<\/p>\n\n\n\n<p>Il se r\u00e9unit au moins une fois par trimestre, et obligatoirement dans les 15 jours qui suivent l&rsquo;\u00e9lection des parents.<\/p>\n\n\n\n<p>Apr\u00e8s le conseil, le directeur de l&rsquo;\u00e9cole dresse un proc\u00e8s-verbal qui sera affich\u00e9 dans un lieu accessible aux parents d&rsquo;\u00e9l\u00e8ves.<\/p>\n\n\n\n<p>&nbsp;<strong>Attributions<\/strong><\/p>\n\n\n\n<p>Le conseil d&rsquo;\u00e9cole \u00e9tablit et vote le r\u00e8glement int\u00e9rieur de l&rsquo;\u00e9cole. Il participe \u00e0 l&rsquo;\u00e9laboration du projet d&rsquo;\u00e9cole et donne son avis sur les questions int\u00e9ressant la vie de l&rsquo;\u00e9cole. &nbsp;Ainsi, il s&rsquo;occupe :<\/p>\n\n\n\n<ul class=\"wp-block-list\">\n<li>des actions p\u00e9dagogiques entreprises pour atteindre les objectifs nationaux<\/li>\n\n\n\n<li>de l&rsquo;utilisation des moyens allou\u00e9s \u00e0 l&rsquo;\u00e9cole,<\/li>\n\n\n\n<li>des conditions d&rsquo;int\u00e9gration des enfants handicap\u00e9s,<\/li>\n\n\n\n<li>des activit\u00e9s p\u00e9riscolaires,<\/li>\n\n\n\n<li>de la restauration scolaire.<\/li>\n<\/ul>\n\n\n\n<p>Le conseil d&rsquo;\u00e9cole donne son accord pour l&rsquo;organisation d&rsquo;activit\u00e9s compl\u00e9mentaires \u00e9ducatives, sportives ou culturelles.&nbsp;Il d\u00e9finit le calendrier des rencontres entre les instituteurs et les parents d&rsquo;\u00e9l\u00e8ves.<\/p>\n\n\n\n<p>Source :&nbsp;<em><strong><a rel=\"noreferrer noopener\" href=\"http:\/\/www.service-public.fr\/\" target=\"_blank\">servicepublic.fr<\/a><\/strong><\/em><\/p>\n\n\n\n<hr class=\"wp-block-separator has-text-color has-cyan-bluish-gray-color has-css-opacity has-cyan-bluish-gray-background-color has-background is-style-wide\"\/>\n\n\n\n<h3 class=\"wp-block-heading\">Pr\u00e9-inscription des enfants n\u00e9s en 2017 et avant et n\u2019\u00e9tant pas scolaris\u00e9s pour l\u2019ann\u00e9e scolaire 2021-2022. Contactez l&rsquo;\u00e9cole au 04 79 25 51 64 <\/h3>\n","protected":false},"excerpt":{"rendered":"<p>CR Conseil d\u2019\u00c9cole Vous pouvez t\u00e9l\u00e9charger les comptes rendus des derniers conseils d&rsquo;\u00e9cole Le Conseil d&rsquo;\u00e9cole : composition, fonctionnement, attributions Composition Le conseil d&rsquo;\u00e9cole est compos\u00e9 : &nbsp;\u00c0 savoir : le conseil d&rsquo;\u00e9cole sera valable m\u00eame si aucun repr\u00e9sentant des parents d&rsquo;\u00e9l\u00e8ves n&rsquo;a pu \u00eatre \u00e9lu ou d\u00e9sign\u00e9 (par exemple s&rsquo;il n&rsquo;y avait aucun candidat)&#8230;.<\/p>\n","protected":false},"author":1,"featured_media":0,"parent":0,"menu_order":0,"comment_status":"closed","ping_status":"closed","template":"","meta":{"footnotes":""},"class_list":["post-78","page","type-page","status-publish","format-standard","hentry","post-wrap"],"_links":{"self":[{"href":"https:\/\/mairielachapelleblanche.fr\/index.php?rest_route=\/wp\/v2\/pages\/78","targetHints":{"allow":["GET"]}}],"collection":[{"href":"https:\/\/mairielachapelleblanche.fr\/index.php?rest_route=\/wp\/v2\/pages"}],"about":[{"href":"https:\/\/mairielachapelleblanche.fr\/index.php?rest_route=\/wp\/v2\/types\/page"}],"author":[{"embeddable":true,"href":"https:\/\/mairielachapelleblanche.fr\/index.php?rest_route=\/wp\/v2\/users\/1"}],"replies":[{"embeddable":true,"href":"https:\/\/mairielachapelleblanche.fr\/index.php?rest_route=%2Fwp%2Fv2%2Fcomments&post=78"}],"version-history":[{"count":27,"href":"https:\/\/mairielachapelleblanche.fr\/index.php?rest_route=\/wp\/v2\/pages\/78\/revisions"}],"predecessor-version":[{"id":1501,"href":"https:\/\/mairielachapelleblanche.fr\/index.php?rest_route=\/wp\/v2\/pages\/78\/revisions\/1501"}],"wp:attachment":[{"href":"https:\/\/mairielachapelleblanche.fr\/index.php?rest_route=%2Fwp%2Fv2%2Fmedia&parent=78"}],"curies":[{"name":"wp","href":"https:\/\/api.w.org\/{rel}","templated":true}]}}