{"id":7,"date":"2021-09-13T10:13:43","date_gmt":"2021-09-13T08:13:43","guid":{"rendered":"https:\/\/mairielachapelleblanche.fr\/?page_id=7"},"modified":"2024-09-19T13:22:43","modified_gmt":"2024-09-19T11:22:43","slug":"accueil","status":"publish","type":"page","link":"https:\/\/mairielachapelleblanche.fr\/","title":{"rendered":"Accueil"},"content":{"rendered":"\n<p class=\"has-text-align-center\">Bienvenue sur le nouveau site de la commune de La Chapelle Blanche  &#8211; 73110 &#8211; <\/p>\n\n\n\n<p class=\"has-text-align-center has-small-font-size\">Horaires d&rsquo;ouverture : mardi de 14h00 \u00e0 18h00 &#8211; vendredi de 12h00 \u00e0 14h00 + Lundi \/ jeudi sur rendez vous.<\/p>\n\n\n\n<p class=\"has-text-align-center has-black-color has-text-color\" style=\"font-size:15px\">Permanence t\u00e9l\u00e9phonique : lundi jeudi vendredi 9h-12h &#8211; mardi   9h-12h &#8211; 14h-18h <br><strong> 04 79 25 51 64<\/strong><\/p>\n\n\n\n<p class=\"has-text-align-center has-black-color has-text-color\">Vous souhaitez vous inscrire au flash info, laissez votre mail ci apr\u00e8s :<\/p>\n\n\n\n<div class=\"wp-block-columns are-vertically-aligned-center is-layout-flex wp-container-core-columns-is-layout-9d6595d7 wp-block-columns-is-layout-flex\">\n<div class=\"wp-block-column is-vertically-aligned-center is-layout-flow wp-block-column-is-layout-flow\" style=\"flex-basis:100%\">\n<div class=\"wp-block-columns is-layout-flex wp-container-core-columns-is-layout-9d6595d7 wp-block-columns-is-layout-flex\">\n<div class=\"wp-block-column is-layout-flow wp-block-column-is-layout-flow\" style=\"flex-basis:100%\">\n<div class=\"wp-block-group\"><div class=\"wp-block-group__inner-container is-layout-flow wp-block-group-is-layout-flow\"><script>(function() {\n\twindow.mc4wp = window.mc4wp || {\n\t\tlisteners: [],\n\t\tforms: {\n\t\t\ton: function(evt, cb) {\n\t\t\t\twindow.mc4wp.listeners.push(\n\t\t\t\t\t{\n\t\t\t\t\t\tevent   : evt,\n\t\t\t\t\t\tcallback: cb\n\t\t\t\t\t}\n\t\t\t\t);\n\t\t\t}\n\t\t}\n\t}\n})();\n<\/script><!-- Mailchimp for WordPress v4.9.13 - https:\/\/wordpress.org\/plugins\/mailchimp-for-wp\/ --><form id=\"mc4wp-form-1\" class=\"mc4wp-form mc4wp-form-360 mc4wp-form-theme mc4wp-form-theme-green\" method=\"post\" data-id=\"360\" data-name=\"Flash info\" ><div class=\"mc4wp-form-fields\"><p>\r\n\t<label> \r\n\t\t<input type=\"email\" name=\"EMAIL\" placeholder=\"Votre email\" required \/>\r\n<\/label>\r\n<\/p>\r\n\r\n<p>\r\n\t<input type=\"submit\" value=\"S'abonner au Flash Info\" \/>\r\n<\/p><\/div><label style=\"display: none !important;\">Laissez ce champ vide si vous \u00eates humain\u00a0: <input type=\"text\" name=\"_mc4wp_honeypot\" value=\"\" tabindex=\"-1\" autocomplete=\"off\" \/><\/label><input type=\"hidden\" name=\"_mc4wp_timestamp\" value=\"1775250087\" \/><input type=\"hidden\" name=\"_mc4wp_form_id\" value=\"360\" \/><input type=\"hidden\" name=\"_mc4wp_form_element_id\" value=\"mc4wp-form-1\" \/><div class=\"mc4wp-response\"><\/div><\/form><!-- \/ Mailchimp for WordPress Plugin --><\/div><\/div>\n<\/div>\n<\/div>\n\n\n\n<p>Les liens vers les sites institutionnels :<\/p>\n\n\n\n<div class=\"wp-block-columns is-layout-flex wp-container-core-columns-is-layout-9d6595d7 wp-block-columns-is-layout-flex\">\n<div class=\"wp-block-column is-layout-flow wp-block-column-is-layout-flow\">\n<figure class=\"wp-block-image size-full is-resized\"><a href=\"https:\/\/www.coeurdesavoie.fr\/\" target=\"_blank\" rel=\"noopener\"><img loading=\"lazy\" decoding=\"async\" width=\"150\" height=\"117\" src=\"http:\/\/mairielachapelleblanche.fr\/wp-content\/uploads\/2022\/01\/CdS-2-e1641226961551.jpg\" alt=\"\" class=\"wp-image-451\" style=\"width:106px;height:82px\"\/><\/a><\/figure>\n<\/div>\n\n\n\n<div class=\"wp-block-column is-layout-flow wp-block-column-is-layout-flow\">\n<figure class=\"wp-block-image size-full is-resized\"><a href=\"https:\/\/www.auvergnerhonealpes.fr\/\" target=\"_blank\" rel=\"noopener\"><img loading=\"lazy\" decoding=\"async\" width=\"150\" height=\"125\" src=\"http:\/\/mairielachapelleblanche.fr\/wp-content\/uploads\/2022\/01\/region-RA-1-e1641226996349.jpg\" alt=\"\" class=\"wp-image-450\" style=\"width:80px;height:66px\"\/><\/a><\/figure>\n<\/div>\n\n\n\n<div class=\"wp-block-column is-layout-flow wp-block-column-is-layout-flow\">\n<figure class=\"wp-block-image size-full is-resized\"><a href=\"https:\/\/www.savoie.fr\/web\/j_6\" target=\"_blank\" rel=\"noopener\"><img loading=\"lazy\" decoding=\"async\" width=\"150\" height=\"114\" src=\"http:\/\/mairielachapelleblanche.fr\/wp-content\/uploads\/2022\/01\/cd73-1-e1641227027312.jpg\" alt=\"\" class=\"wp-image-447\" style=\"width:100px;height:75px\"\/><\/a><\/figure>\n<\/div>\n\n\n\n<div class=\"wp-block-column is-layout-flow wp-block-column-is-layout-flow\">\n<figure class=\"wp-block-image size-full is-resized\"><a href=\"https:\/\/www.savoie.gouv.fr\/\" target=\"_blank\" rel=\"noopener\"><img loading=\"lazy\" decoding=\"async\" width=\"150\" height=\"123\" src=\"http:\/\/mairielachapelleblanche.fr\/wp-content\/uploads\/2022\/01\/pref-73-e1641227015624.jpg\" alt=\"\" class=\"wp-image-449\" style=\"width:84px;height:69px\"\/><\/a><\/figure>\n<\/div>\n\n\n\n<div class=\"wp-block-column is-layout-flow wp-block-column-is-layout-flow\"><\/div>\n<\/div>\n\n\n\n<hr class=\"wp-block-separator has-text-color has-black-color has-css-opacity has-black-background-color has-background is-style-wide\"\/>\n\n\n\n<h2 class=\"wp-block-heading has-text-align-center\">Actualit\u00e9s <\/h2>\n\n\n\n<div class=\"wp-block-group\"><div class=\"wp-block-group__inner-container is-layout-flow wp-block-group-is-layout-flow\">\n<div class=\"wp-block-group\"><div class=\"wp-block-group__inner-container is-layout-flow wp-block-group-is-layout-flow\"><ul class=\"wp-block-latest-posts__list has-dates wp-block-latest-posts\"><li><a class=\"wp-block-latest-posts__post-title\" href=\"https:\/\/mairielachapelleblanche.fr\/?p=1736\">V\u0153ux \u00e0 la population<\/a><time datetime=\"2026-01-11T20:06:21+01:00\" class=\"wp-block-latest-posts__post-date\">11 janvier 2026<\/time><div class=\"wp-block-latest-posts__post-excerpt\">Le maire et le consiel municipal seront heureux de vous retrouver le 17 janvier 2026 \u00e0 18h30<\/div><\/li>\n<li><a class=\"wp-block-latest-posts__post-title\" href=\"https:\/\/mairielachapelleblanche.fr\/?p=1739\">Tartiflette dansante de l&rsquo;APE samedi 07 f\u00e9vrier<\/a><time datetime=\"2026-01-11T20:01:14+01:00\" class=\"wp-block-latest-posts__post-date\">11 janvier 2026<\/time><div class=\"wp-block-latest-posts__post-excerpt\">Sur place ou \u00e0 emporter \/ R\u00e9servation jusqu&rsquo;au 27 janvier : 07 70 03 53 99<\/div><\/li>\n<li><a class=\"wp-block-latest-posts__post-title\" href=\"https:\/\/mairielachapelleblanche.fr\/?p=1732\">Forum des habitants : La synth\u00e8se<\/a><time datetime=\"2025-11-15T15:55:51+01:00\" class=\"wp-block-latest-posts__post-date\">15 novembre 2025<\/time><div class=\"wp-block-latest-posts__post-excerpt\">Le 17 juin 2025 avait lieu le \u00ab\u00a0Forum des habitants\u00a0\u00bb de la Chapelle Blanche. 4 ateliers \u00e9taient propos\u00e9s sur des th\u00e8mes aussi vari\u00e9s que l&rsquo;\u00e9cole &lsquo;le tissus associatif, l\u2019am\u00e9nagement du&#8230;<\/div><\/li>\n<li><a class=\"wp-block-latest-posts__post-title\" href=\"https:\/\/mairielachapelleblanche.fr\/?p=1686\">Le catalogue de no\u00ebl de l&rsquo;APE est arriv\u00e9\u2744\ufe0f<\/a><time datetime=\"2025-11-06T12:28:07+01:00\" class=\"wp-block-latest-posts__post-date\">6 novembre 2025<\/time><div class=\"wp-block-latest-posts__post-excerpt\">L&rsquo;association des parents d&rsquo;\u00e9l\u00e8ves vous propose une vente sur commande avec des produits 100% artisanaux et de notre r\u00e9gion. Les bons de commande sont \u00e0 retourner dans la bo\u00eete aux&#8230;<\/div><\/li>\n<li><a class=\"wp-block-latest-posts__post-title\" href=\"https:\/\/mairielachapelleblanche.fr\/?p=1677\">La Cie Autochtone est de retour \u2728<\/a><time datetime=\"2025-10-07T15:12:18+02:00\" class=\"wp-block-latest-posts__post-date\">7 octobre 2025<\/time><div class=\"wp-block-latest-posts__post-excerpt\">La Cie Autochtone\u00a0est de retour \u00e0 la Chapelle-Blanche les 10 et 11 octobre 2025. Vendredi 10 :\u00a0exposition Collection Bretagne, Collection Notre-Dame de Paris et projection de &lsquo;Musclons notre curiosit\u00e9&rsquo; ;\u00a0GRATUIT&#8230;<\/div><\/li>\n<li><a class=\"wp-block-latest-posts__post-title\" href=\"https:\/\/mairielachapelleblanche.fr\/?p=1670\">Retour sur l&rsquo;enqu\u00eate mobilit\u00e9 de M\u00e9tropole Savoie !<\/a><time datetime=\"2025-09-23T16:16:38+02:00\" class=\"wp-block-latest-posts__post-date\">23 septembre 2025<\/time><div class=\"wp-block-latest-posts__post-excerpt\">Consultez les chiffres cl\u00e9s en cliquant sur l&rsquo;image ci-dessous. La synth\u00e8se de cette enqu\u00eate, d\u00e9j\u00e0 diffus\u00e9e en 2023 ainsi que le rapport d\u2019\u00e9tude d\u00e9taill\u00e9 sont \u00e9galement disponibles sur le site&#8230;<\/div><\/li>\n<li><a class=\"wp-block-latest-posts__post-title\" href=\"https:\/\/mairielachapelleblanche.fr\/?p=1641\">Comment \u00e9chapper au \u00ab\u00a0village dortoir\u00a0\u00bb ?<\/a><time datetime=\"2025-06-20T19:42:57+02:00\" class=\"wp-block-latest-posts__post-date\">20 juin 2025<\/time><div class=\"wp-block-latest-posts__post-excerpt\">Prolongation du Forum jusqu&rsquo;au 05\/07\/25 La concertation du forum des habitants du 17 juin se poursuit jusqu&rsquo;au 05 juillet 2025. Vous pouvez consulter les panneaux d&rsquo;information et les questions pos\u00e9es&#8230;<\/div><\/li>\n<li><a class=\"wp-block-latest-posts__post-title\" href=\"https:\/\/mairielachapelleblanche.fr\/?p=1635\">Le SIVU scolaire recherche son agent p\u00e9riscolaire          pour le 01 juin 2025<\/a><time datetime=\"2025-05-07T12:24:22+02:00\" class=\"wp-block-latest-posts__post-date\">7 mai 2025<\/time><div class=\"wp-block-latest-posts__post-excerpt\">Date des p\u00e9riodes de contrat Du 01\/06\/2025 au 04\/07\/2025 Et \u00e0 partir du 01\/09\/2025 pour l&rsquo;ann\u00e9e scolaire 2025 &#8211; 2026 Position dans l\u2019organisation Fili\u00e8re Animation Grade Adjoint d\u2019animation Responsable hi\u00e9rarchique&#8230;<\/div><\/li>\n<li><a class=\"wp-block-latest-posts__post-title\" href=\"https:\/\/mairielachapelleblanche.fr\/?p=1614\">Carnaval \ud83c\udfad<\/a><time datetime=\"2025-04-08T16:45:01+02:00\" class=\"wp-block-latest-posts__post-date\">8 avril 2025<\/time><div class=\"wp-block-latest-posts__post-excerpt\">Venez c\u00e9l\u00e9brer le carnaval avec l&rsquo;APE le\u00a018 avril 2025 \u00e0 partir de 16h30\u00a0\u00e0 la salle des f\u00eates de La Chapelle Blanche ! \ud83d\udea8\u00a0Bon de commande \u00e0 compl\u00e9ter\u00a0avant le 13 avril&#8230;<\/div><\/li>\n<li><a class=\"wp-block-latest-posts__post-title\" href=\"https:\/\/mairielachapelleblanche.fr\/?p=1604\">Chenilles Processionnaires\ud83d\udc1b<\/a><time datetime=\"2025-04-08T16:33:34+02:00\" class=\"wp-block-latest-posts__post-date\">8 avril 2025<\/time><div class=\"wp-block-latest-posts__post-excerpt\">https:\/\/fredon.fr Les chenilles processionnaires du pin et du ch\u00eane sont dangereuses pour les humains et les animaux. Les info pour comprendre et les m\u00e9thodes de lutte sont disponibles sur le&#8230;<\/div><\/li>\n<li><a class=\"wp-block-latest-posts__post-title\" href=\"https:\/\/mairielachapelleblanche.fr\/?p=1598\">Frelons Asiatiques\ud83d\udc1d<\/a><time datetime=\"2025-04-08T11:29:57+02:00\" class=\"wp-block-latest-posts__post-date\">8 avril 2025<\/time><div class=\"wp-block-latest-posts__post-excerpt\">\ud83d\udea8Dans le cadre de la pr\u00e9vention et de la lutte contre les frelons asiatiques vous \u00eates invit\u00e9s \u00e0\u00a0participer activement \u00e0 la lutte ce printemps en signalant les nids ! \ud83d\udc1d&#8230;<\/div><\/li>\n<li><a class=\"wp-block-latest-posts__post-title\" href=\"https:\/\/mairielachapelleblanche.fr\/?p=1579\">R\u00e9forme des redevances de l&rsquo;Agence de l&rsquo;Eau \ud83d\udca7<\/a><time datetime=\"2025-03-04T11:18:45+01:00\" class=\"wp-block-latest-posts__post-date\">4 mars 2025<\/time><div class=\"wp-block-latest-posts__post-excerpt\">L\u2019Agence de l\u2019Eau Rh\u00f4ne Alpes M\u00e9diterran\u00e9e a modifi\u00e9 les taxes applicables au 1er janvier 2025 sur l&rsquo;eau potable Ainsi en 2025 la taxe \u00ab\u00a0performance des r\u00e9seaux d\u2019eau potable\u00a0\u00bb (0.01\u20acHT\/m3) et&#8230;<\/div><\/li>\n<li><a class=\"wp-block-latest-posts__post-title\" href=\"https:\/\/mairielachapelleblanche.fr\/?p=1574\">Spectacle \u00ab\u00a0L\u2019appartement \u00e0 trous\u00a0\u00bb<\/a><time datetime=\"2025-02-25T09:20:54+01:00\" class=\"wp-block-latest-posts__post-date\">25 f\u00e9vrier 2025<\/time><div class=\"wp-block-latest-posts__post-excerpt\">ATTENTION : une erreur d&rsquo;horaire s&rsquo;est gliss\u00e9 dans le texte : SPECTACLE \u00e0 18h00 Dans le cadre de la programmation Malraux nomade 2025, C\u0153ur de Savoie propose d\u2019accueillir gratuitement le&#8230;<\/div><\/li>\n<li><a class=\"wp-block-latest-posts__post-title\" href=\"https:\/\/mairielachapelleblanche.fr\/?p=1571\">Arcade : Une Terre Pour Vivre \ud83c\udf0d<\/a><time datetime=\"2025-02-20T11:33:30+01:00\" class=\"wp-block-latest-posts__post-date\">20 f\u00e9vrier 2025<\/time><div class=\"wp-block-latest-posts__post-excerpt\">La Chapelle Blanche est membre de l&rsquo;association de coop\u00e9ration d\u00e9centralis\u00e9e ARCADE. Les habitants sont invit\u00e9s \u00e0 participer \u00e0 l&rsquo;Assembl\u00e9e G\u00e9n\u00e9rale annuelle le 22 mars 2025. La coop\u00e9ration avec le S\u00e9n\u00e9gal&#8230;<\/div><\/li>\n<li><a class=\"wp-block-latest-posts__post-title\" href=\"https:\/\/mairielachapelleblanche.fr\/?p=1565\">Bulletin Municipal 2025<\/a><time datetime=\"2025-01-29T12:34:43+01:00\" class=\"wp-block-latest-posts__post-date\">29 janvier 2025<\/time><div class=\"wp-block-latest-posts__post-excerpt\">Le bulletin municipal de janvier 2025 vient de paraitre Le bulletin municipal 2025 est disponible en version papier aupr\u00e8s de la mairieet en version d\u00e9mat\u00e9rialis\u00e9e sur la page Bulletins Municipauxou&#8230;<\/div><\/li>\n<\/ul><\/div><\/div>\n<\/div><\/div>\n<\/div>\n<\/div>\n\n\n\n<h2 class=\"wp-block-heading\"><\/h2>\n","protected":false},"excerpt":{"rendered":"<p>Bienvenue sur le nouveau site de la commune de La Chapelle Blanche &#8211; 73110 &#8211; Horaires d&rsquo;ouverture : mardi de 14h00 \u00e0 18h00 &#8211; vendredi de 12h00 \u00e0 14h00 + Lundi \/ jeudi sur rendez vous. Permanence t\u00e9l\u00e9phonique : lundi jeudi vendredi 9h-12h &#8211; mardi 9h-12h &#8211; 14h-18h 04 79 25 51 64 Vous souhaitez&#8230;<\/p>\n","protected":false},"author":1,"featured_media":0,"parent":0,"menu_order":0,"comment_status":"closed","ping_status":"closed","template":"","meta":{"footnotes":""},"class_list":["post-7","page","type-page","status-publish","format-standard","hentry","post-wrap"],"_links":{"self":[{"href":"https:\/\/mairielachapelleblanche.fr\/index.php?rest_route=\/wp\/v2\/pages\/7","targetHints":{"allow":["GET"]}}],"collection":[{"href":"https:\/\/mairielachapelleblanche.fr\/index.php?rest_route=\/wp\/v2\/pages"}],"about":[{"href":"https:\/\/mairielachapelleblanche.fr\/index.php?rest_route=\/wp\/v2\/types\/page"}],"author":[{"embeddable":true,"href":"https:\/\/mairielachapelleblanche.fr\/index.php?rest_route=\/wp\/v2\/users\/1"}],"replies":[{"embeddable":true,"href":"https:\/\/mairielachapelleblanche.fr\/index.php?rest_route=%2Fwp%2Fv2%2Fcomments&post=7"}],"version-history":[{"count":53,"href":"https:\/\/mairielachapelleblanche.fr\/index.php?rest_route=\/wp\/v2\/pages\/7\/revisions"}],"predecessor-version":[{"id":1528,"href":"https:\/\/mairielachapelleblanche.fr\/index.php?rest_route=\/wp\/v2\/pages\/7\/revisions\/1528"}],"wp:attachment":[{"href":"https:\/\/mairielachapelleblanche.fr\/index.php?rest_route=%2Fwp%2Fv2%2Fmedia&parent=7"}],"curies":[{"name":"wp","href":"https:\/\/api.w.org\/{rel}","templated":true}]}}