{"id":516,"date":"2022-01-09T20:37:17","date_gmt":"2022-01-09T19:37:17","guid":{"rendered":"http:\/\/mairielachapelleblanche.fr\/?page_id=516"},"modified":"2022-01-09T20:37:17","modified_gmt":"2022-01-09T19:37:17","slug":"salles-communales","status":"publish","type":"page","link":"https:\/\/mairielachapelleblanche.fr\/?page_id=516","title":{"rendered":"Salles communales"},"content":{"rendered":"\n<h2 class=\"wp-block-heading\">Conditions de location de la salle Jean MINET et de la salle Polyvalente<\/h2>\n\n\n\n<div class=\"wp-block-file\"><a href=\"http:\/\/mairielachapelleblanche.fr\/wp-content\/uploads\/2022\/01\/170413-DELIB-14-REGLEMENT-DUTILISATION-DES-SALLES-COMMUNALES.pdf\" target=\"_blank\" rel=\"noreferrer noopener\">Les r\u00e8gles de mise a disposition des salles communales se trouvent ici<\/a><a href=\"http:\/\/mairielachapelleblanche.fr\/wp-content\/uploads\/2022\/01\/170413-DELIB-14-REGLEMENT-DUTILISATION-DES-SALLES-COMMUNALES.pdf\" class=\"wp-block-file__button\" download>T\u00e9l\u00e9charger<\/a><\/div>\n\n\n\n<p>Pour toute location vous devez vous rendre en Mairie&nbsp; aux horaires d\u2019ouverture au public pour la r\u00e9servation et pour les formalit\u00e9s. Les tarifs de location peuvent \u00e9voluer en cours d\u2019ann\u00e9e.<\/p>\n\n\n\n<p>Pour l\u2019\u00e9tat des lieux et la remise des cl\u00e9s, vous devez contacter : Mme Marie-Laure PAVILLET, au moins 8jours avant la manifestation T\u00e9l. 04.79.65.11.80 ou 06.41.27.54.80<\/p>\n","protected":false},"excerpt":{"rendered":"<p>Conditions de location de la salle Jean MINET et de la salle Polyvalente Pour toute location vous devez vous rendre en Mairie&nbsp; aux horaires d\u2019ouverture au public pour la r\u00e9servation et pour les formalit\u00e9s. Les tarifs de location peuvent \u00e9voluer en cours d\u2019ann\u00e9e. Pour l\u2019\u00e9tat des lieux et la remise des cl\u00e9s, vous devez contacter&#8230;<\/p>\n","protected":false},"author":1,"featured_media":0,"parent":0,"menu_order":0,"comment_status":"closed","ping_status":"closed","template":"","meta":{"footnotes":""},"class_list":["post-516","page","type-page","status-publish","format-standard","hentry","post-wrap"],"_links":{"self":[{"href":"https:\/\/mairielachapelleblanche.fr\/index.php?rest_route=\/wp\/v2\/pages\/516","targetHints":{"allow":["GET"]}}],"collection":[{"href":"https:\/\/mairielachapelleblanche.fr\/index.php?rest_route=\/wp\/v2\/pages"}],"about":[{"href":"https:\/\/mairielachapelleblanche.fr\/index.php?rest_route=\/wp\/v2\/types\/page"}],"author":[{"embeddable":true,"href":"https:\/\/mairielachapelleblanche.fr\/index.php?rest_route=\/wp\/v2\/users\/1"}],"replies":[{"embeddable":true,"href":"https:\/\/mairielachapelleblanche.fr\/index.php?rest_route=%2Fwp%2Fv2%2Fcomments&post=516"}],"version-history":[{"count":1,"href":"https:\/\/mairielachapelleblanche.fr\/index.php?rest_route=\/wp\/v2\/pages\/516\/revisions"}],"predecessor-version":[{"id":517,"href":"https:\/\/mairielachapelleblanche.fr\/index.php?rest_route=\/wp\/v2\/pages\/516\/revisions\/517"}],"wp:attachment":[{"href":"https:\/\/mairielachapelleblanche.fr\/index.php?rest_route=%2Fwp%2Fv2%2Fmedia&parent=516"}],"curies":[{"name":"wp","href":"https:\/\/api.w.org\/{rel}","templated":true}]}}

<h2 class="wp-block-heading">Conditions de location de la salle Jean MINET et de la salle Polyvalente</h2>



<div class="wp-block-file"><a href="http://mairielachapelleblanche.fr/wp-content/uploads/2022/01/170413-DELIB-14-REGLEMENT-DUTILISATION-DES-SALLES-COMMUNALES.pdf" target="_blank" rel="noreferrer noopener">Les règles de mise a disposition des salles communales se trouvent ici</a><a href="http://mairielachapelleblanche.fr/wp-content/uploads/2022/01/170413-DELIB-14-REGLEMENT-DUTILISATION-DES-SALLES-COMMUNALES.pdf" class="wp-block-file__button" download>Télécharger</a></div>



<p>Pour toute location vous devez vous rendre en Mairie&nbsp; aux horaires d’ouverture au public pour la réservation et pour les formalités. Les tarifs de location peuvent évoluer en cours d’année.</p>



<p>Pour l’état des lieux et la remise des clés, vous devez contacter : Mme Marie-Laure PAVILLET, au moins 8jours avant la manifestation Tél. 04.79.65.11.80 ou 06.41.27.54.80</p>

<p>Conditions de location de la salle Jean MINET et de la salle Polyvalente Pour toute location vous devez vous rendre en Mairie&nbsp; aux horaires d’ouverture au public pour la réservation et pour les formalités. Les tarifs de location peuvent évoluer en cours d’année. Pour l’état des lieux et la remise des clés, vous devez contacter&#8230;</p>
