{"id":511,"date":"2022-01-09T20:32:23","date_gmt":"2022-01-09T19:32:23","guid":{"rendered":"http:\/\/mairielachapelleblanche.fr\/?page_id=511"},"modified":"2023-07-04T08:22:44","modified_gmt":"2023-07-04T06:22:44","slug":"bibliotheque-de-villaroux","status":"publish","type":"page","link":"https:\/\/mairielachapelleblanche.fr\/?page_id=511","title":{"rendered":"Biblioth\u00e8que de Villaroux"},"content":{"rendered":"\n<h2 class=\"wp-block-heading\">Une biblioth\u00e8que toute proche<\/h2>\n\n\n\n<p>Il existe une biblioth\u00e8que \u00e0 Villaroux qui pr\u00eate gratuitement des livres et des CD Rom \u00e0 tous les habitants de la Chapelle Blanche et Villaroux puisque ces deux communes la financent&#8230;L&rsquo;assembl\u00e9e des Pays de Savoie par l&rsquo;interm\u00e9diaire de Savoie-biblio nous permet d&rsquo;\u00e9largir nos collections pour que vous ayez plus de choix.<\/p>\n\n\n\n<p>Elle est ouverte :<\/p>\n\n\n\n<ul class=\"wp-block-list\"><li><strong>le lundi de 16h30 \u00e0 18h30<\/strong><\/li><li><strong><strong>le jeudi de 16h30 \u00e0 18h30<\/strong><\/strong><\/li><\/ul>\n\n\n\n<p><strong>A la salle de la Mairie de Villaroux<\/strong><\/p>\n\n\n\n<p>Elle vous propose environ 1400 titres : moiti\u00e9 pour les adultes et moiti\u00e9 pour les enfants (romans, documentaires, album, BD).<\/p>\n\n\n\n<p>Vous y \u00eates les bienvenus et vos enfants aussi<\/p>\n","protected":false},"excerpt":{"rendered":"<p>Une biblioth\u00e8que toute proche Il existe une biblioth\u00e8que \u00e0 Villaroux qui pr\u00eate gratuitement des livres et des CD Rom \u00e0 tous les habitants de la Chapelle Blanche et Villaroux puisque ces deux communes la financent&#8230;L&rsquo;assembl\u00e9e des Pays de Savoie par l&rsquo;interm\u00e9diaire de Savoie-biblio nous permet d&rsquo;\u00e9largir nos collections pour que vous ayez plus de choix&#8230;.<\/p>\n","protected":false},"author":1,"featured_media":0,"parent":0,"menu_order":0,"comment_status":"closed","ping_status":"closed","template":"","meta":{"footnotes":""},"class_list":["post-511","page","type-page","status-publish","format-standard","hentry","post-wrap"],"_links":{"self":[{"href":"https:\/\/mairielachapelleblanche.fr\/index.php?rest_route=\/wp\/v2\/pages\/511","targetHints":{"allow":["GET"]}}],"collection":[{"href":"https:\/\/mairielachapelleblanche.fr\/index.php?rest_route=\/wp\/v2\/pages"}],"about":[{"href":"https:\/\/mairielachapelleblanche.fr\/index.php?rest_route=\/wp\/v2\/types\/page"}],"author":[{"embeddable":true,"href":"https:\/\/mairielachapelleblanche.fr\/index.php?rest_route=\/wp\/v2\/users\/1"}],"replies":[{"embeddable":true,"href":"https:\/\/mairielachapelleblanche.fr\/index.php?rest_route=%2Fwp%2Fv2%2Fcomments&post=511"}],"version-history":[{"count":3,"href":"https:\/\/mairielachapelleblanche.fr\/index.php?rest_route=\/wp\/v2\/pages\/511\/revisions"}],"predecessor-version":[{"id":1172,"href":"https:\/\/mairielachapelleblanche.fr\/index.php?rest_route=\/wp\/v2\/pages\/511\/revisions\/1172"}],"wp:attachment":[{"href":"https:\/\/mairielachapelleblanche.fr\/index.php?rest_route=%2Fwp%2Fv2%2Fmedia&parent=511"}],"curies":[{"name":"wp","href":"https:\/\/api.w.org\/{rel}","templated":true}]}}